11113 a prime number?
False
Is 7947481 a prime number?
False
Is 6256123 composite?
True
Is 1562513 a prime number?
True
Is 15520459 composite?
False
Is 117366931 prime?
False
Is 9051127 composite?
False
Is 11453873 a composite number?
False
Is 148691693 a composite number?
True
Is 1193411861 composite?
False
Is 88267 a composite number?
True
Is 35883301 a composite number?
True
Is 921062 composite?
True
Is 10849747 composite?
False
Is 106786753 a composite number?
False
Is 2040769 a prime number?
True
Is 109229557 composite?
False
Is 6182531 a prime number?
True
Is 5090003 a composite number?
False
Is 36106255 prime?
False
Is 62098087 composite?
False
Is 289481779 a prime number?
True
Is 34097749 a composite number?
True
Is 17238733 composite?
True
Is 136613 composite?
True
Is 23719931 composite?
False
Is 52135079 prime?
False
Is 6468767 prime?
True
Is 71114279 a composite number?
True
Is 12933317 prime?
True
Is 73084637 composite?
False
Is 44366081 a prime number?
True
Is 21654131 a prime number?
True
Is 1212103 prime?
True
Is 158522363 composite?
True
Is 369285359 composite?
True
Is 9048539 prime?
False
Is 1417517 a composite number?
True
Is 1825531 composite?
False
Is 9576257 a composite number?
True
Is 2227831 a composite number?
False
Is 153523247 a composite number?
True
Is 105668947 a prime number?
True
Is 18064441 prime?
True
Is 10120249 a composite number?
True
Is 17501207 a composite number?
True
Is 689789 prime?
True
Is 41724805 prime?
False
Is 2866309 prime?
True
Is 1728511 prime?
True
Is 3147691 prime?
False
Is 692774641 prime?
False
Is 850427 prime?
True
Is 4295497 a composite number?
True
Is 2875217 composite?
True
Is 574477 a prime number?
True
Is 203998597 prime?
False
Is 7080079 a composite number?
True
Is 524561473 a prime number?
True
Is 52723694 composite?
True
Is 326437 a prime number?
True
Is 78872407 a prime number?
False
Is 3554935 a composite number?
True
Is 35448029 a prime number?
True
Is 62802589 prime?
True
Is 4839077 composite?
False
Is 15173677 a prime number?
True
Is 44153171 a composite number?
False
Is 5312182 composite?
True
Is 46347311 composite?
True
Is 890221 prime?
True
Is 18073082 prime?
False
Is 372107 a composite number?
False
Is 578627371 a composite number?
True
Is 427313 prime?
False
Is 10282693 a prime number?
False
Is 728339 a prime number?
False
Is 13936135 a prime number?
False
Is 177132329 a prime number?
False
Is 358826441 a prime number?
True
Is 4745239 a composite number?
True
Is 9869173 a composite number?
False
Is 112185235 a prime number?
False
Is 2019401 composite?
False
Is 64918979 prime?
False
Is 13676315 composite?
True
Is 99128059 a composite number?
False
Is 3924581 a prime number?
True
Is 238657277 a prime number?
False
Is 25723271 composite?
True
Is 2117411 a composite number?
False
Is 45951043 composite?
True
Is 99320726 a prime number?
False
Is 7881151 prime?
True
Is 2614213 composite?
True
Is 61898467 a prime number?
True
Is 27124187 a prime number?
False
Is 476950741 prime?
True
Is 442324387 prime?
True
Is 145388381 composite?
True
Is 3463709 a composite number?
True
Is 5570555 a prime number?
False
Is 4046573 prime?
False
Is 20094487 prime?
False
Is 72559049 prime?
True
Is 677857 a composite number?
False
Is 578893 composite?
True
Is 604753 prime?
True
Is 16526399 a prime number?
False
Is 24917793 a prime number?
False
Is 2483191 prime?
False
Is 4160579 composite?
False
Is 4689947 a composite number?
False
Is 647361193 prime?
True
Is 67870361 prime?
False
Is 476891 prime?
True
Is 286584227 prime?
True
Is 576152767 a prime number?
False
Is 48416353 composite?
False
Is 1331431 a composite number?
False
Is 18433941 a composite number?
True
Is 7453307 prime?
False
Is 1135819 composite?
False
Is 120717313 composite?
True
Is 208086661 a prime number?
False
Is 561027 a prime number?
False
Is 41661293 a prime number?
True
Is 5049313 prime?
True
Is 2344457 a prime number?
True
Is 10183357 composite?
True
Is 31523347 composite?
False
Is 298576249 composite?
False
Is 6290395 a prime number?
False
Is 68395693 composite?
False
Is 8951713 a composite number?
True
Is 234941 composite?
True
Is 306539 a composite number?
True
Is 22085431 prime?
False
Is 58161 composite?
True
Is 3820411 a prime number?
False
Is 1145863 a prime number?
False
Is 2477983 a composite number?
False
Is 1696117 composite?
True
Is 4573421 prime?
True
Is 21559579 a prime number?
False
Is 1097956411 a composite number?
False
Is 15884119 a prime number?
False
Is 13947757 a composite number?
False
Is 41804383 prime?
True
Is 2502067 a prime number?
True
Is 319375571 composite?
False
Is 300617 a composite number?
True
Is 35255877 a composite number?
True
Is 28188833 a composite number?
False
Is 32413741 a prime number?
False
Is 2004529 a prime number?
True
Is 13840033 composite?
False
Is 111265217 composite?
True
Is 3000631 prime?
False
Is 6944635 a prime number?
False
Is 35475121 a prime number?
False
Is 678367 a prime number?
True
Is 207199277 a prime number?
False
Is 960119 prime?
True
Is 71933 a composite number?
False
Is 2516021 composite?
False
Is 518670862 prime?
False
Is 30148553 a prime number?
False
Is 2437559 composite?
False
Is 112831 a prime number?
True
Is 23028403 a prime number?
True
Is 2940689 composite?
False
Is 13135141 prime?
True
Is 49239539 a composite number?
False
Is 12536197 composite?
False
Is 8693071 a composite number?
False
Is 1944559 composite?
True
Is 35723767 a prime number?
True
Is 11186557 composite?
False
Is 4431001 prime?
True
Is 57961091 composite?
True
Is 824490757 prime?
True
Is 222057611 a prime number?
False
Is 370840163 a composite number?
False
Is 10042141 a composite number?
False
Is 187871347 a composite number?
False
Is 115412899 prime?
False
Is 682901 prime?
True
Is 248264591 prime?
False
Is 160807 a prime number?
True
Is 27818267 prime?
True
Is 169878749 a composite number?
True
Is 10785953 composite?
False
Is 1688921 a composite number?
True
Is 182773 a composite number?
False
Is 262325593 a composite number?
False
Is 95383 prime?
True
Is 5570471 composite?
True
Is 5820317 composite?
True
Is 1271270713 prime?
True
Is 28665251 a prime number?
True
Is 15161947 a composite number?
False
Is 391847 composite?
False
Is 6628067 a composite number?
True
Is 3383642 composite?
True
Is 184307 composite?
True
Is 38357639 a composite number?
False
Is 21380109 a composite number?
True
Is 16291753 composite?
False
Is 6102161 composite?
True
Is 14813 prime?
True
Is 98500781 a composite number?
True
Is 884638 a composite number?
True
Is 37316371 a prime number?
True
Is 1906963 prime?
True
Is 47300287 a composite number?
True
Is 2368019 a prime number?
False
Is 1401187 a prime number?
True
Is 18227579 a composite number?
True
Is 10449343 a prime number?
True
Is 101831 composite?
True
Is 65898493 a composite number?
False
Is 234581441 prime?
True
Is 20663 a composite number?
False
Is 9847858 a composite number?
True
Is 900696707 a composite number?
True
Is 15547787 prime?
False
Is 18880087 a prime number?
True
Is 284951677 a prime number?
True
Is 19130907 a prime number?
False
Is 118738 a prime number?
False
Is 6738362 a prime number?
False
Is 4091653 a prime number?
False
Is 15062977 a prime number?
False
Is 13503367 prime?
False
Is 23923819 a composite number?
False
Is 46791383 prime?
True
Is 133817581 composite?
False
Is 216827687 a prime number?
False
Is 37164889 a composite number?
True
Is 10519627 composite?
True
Is 136547791 a prime number?
False
Is 18063761 a prime number?
True
Is 66689237 prime?
False
Is 2722597 a prime number?
False
Is 4148723 a prime number?
False
Is 1269283 a composite number?
False
Is 418597 composite?
False
Is 18387199 composite?
True
Is 168343349 a composite number?
False
Is 16263389 a prime number?
True
Is 7463317 prime?
True
Is 2106443 a prime number?
False
Is 10299 prime?
False
Is 3436945 prime?
False
Is 118420739 a prime number?
False
Is 20227 composite?
True
Is 2017243 composite?
False
Is 201670835 prime?
False
Is 5499671 prime?
True
Is 1880573 a composite number?
False
Is 97682381 a composite number?
True
Is 2331041 a prime number?
True
Is 21898081 prime?
False
Is 11577827 a composite number?
False
Is 2317799 composite?
True
Is 18020959 a composite nu